{"version":"1.0","provider_name":"Sant Joan d&#039;Alacant","provider_url":"https:\/\/www.santjoandalacant.es\/ca\/","title":"Carnestoltes 2017. - Sant Joan d&#039;Alacant","type":"rich","width":600,"height":338,"html":"<blockquote class=\"wp-embedded-content\" data-secret=\"ZCjL3jnRCz\"><a href=\"https:\/\/www.santjoandalacant.es\/ca\/carnestoltes-2017\/\">Carnestoltes 2017.<\/a><\/blockquote><iframe sandbox=\"allow-scripts\" security=\"restricted\" src=\"https:\/\/www.santjoandalacant.es\/ca\/carnestoltes-2017\/embed\/#?secret=ZCjL3jnRCz\" width=\"600\" height=\"338\" title=\"&#8220;Carnestoltes 2017.&#8221; &#8212; Sant Joan d&#039;Alacant\" data-secret=\"ZCjL3jnRCz\" frameborder=\"0\" marginwidth=\"0\" marginheight=\"0\" scrolling=\"no\" class=\"wp-embedded-content\"><\/iframe><script>\n\/*! This file is auto-generated *\/\n!function(d,l){\"use strict\";l.querySelector&&d.addEventListener&&\"undefined\"!=typeof URL&&(d.wp=d.wp||{},d.wp.receiveEmbedMessage||(d.wp.receiveEmbedMessage=function(e){var t=e.data;if((t||t.secret||t.message||t.value)&&!\/[^a-zA-Z0-9]\/.test(t.secret)){for(var s,r,n,a=l.querySelectorAll('iframe[data-secret=\"'+t.secret+'\"]'),o=l.querySelectorAll('blockquote[data-secret=\"'+t.secret+'\"]'),c=new RegExp(\"^https?:$\",\"i\"),i=0;i<o.length;i++)o[i].style.display=\"none\";for(i=0;i<a.length;i++)s=a[i],e.source===s.contentWindow&&(s.removeAttribute(\"style\"),\"height\"===t.message?(1e3<(r=parseInt(t.value,10))?r=1e3:~~r<200&&(r=200),s.height=r):\"link\"===t.message&&(r=new URL(s.getAttribute(\"src\")),n=new URL(t.value),c.test(n.protocol))&&n.host===r.host&&l.activeElement===s&&(d.top.location.href=t.value))}},d.addEventListener(\"message\",d.wp.receiveEmbedMessage,!1),l.addEventListener(\"DOMContentLoaded\",function(){for(var e,t,s=l.querySelectorAll(\"iframe.wp-embedded-content\"),r=0;r<s.length;r++)(t=(e=s[r]).getAttribute(\"data-secret\"))||(t=Math.random().toString(36).substring(2,12),e.src+=\"#?secret=\"+t,e.setAttribute(\"data-secret\",t)),e.contentWindow.postMessage({message:\"ready\",secret:t},\"*\")},!1)))}(window,document);\n\/\/# sourceURL=https:\/\/www.santjoandalacant.es\/wp-includes\/js\/wp-embed.min.js\n<\/script>\n","thumbnail_url":"https:\/\/www.santjoandalacant.es\/wp-content\/uploads\/2017\/06\/webCARNESTOLTES_Val.jpg","thumbnail_width":258,"thumbnail_height":365,"description":"Els pr\u00f2xims dies 24 i 25 de febrer Sant Joan es vestir\u00e0 de Carnestoltes.  El divendres 24 els xiquets podran disfrutar d'un taller infantil de \"M\u00e1scaras de Carnaval\" en la Casa de Cultura. El dissabte 25 a les 12h des de la Pla\u00e7a de la Constituci\u00f3 partir\u00e0 el \"II desfilada Mardi Gras\" que finalitzar\u00e0 en la Pla\u00e7a de l'Ordana on tindr\u00e0 lloc el concert de \"Refugio Swing Band\".  A la vesprada a les 17:30h i fins a les 22:30h Carnestoltes Familiar i Concurs de Disfresses, enguany com a novetat s'inclour\u00e0 un Premi Especial \"Festival de Cine de Sant Joan d \u00b4Alacant\" a la millor disfressa anys 20 o cine mut"}

Els pròxims dies 24 i 25 de febrer Sant Joan es vestirà de Carnestoltes.  El divendres 24 els xiquets podran disfrutar d'un taller infantil de "Máscaras de Carnaval" en la Casa de Cultura. El dissabte 25 a les 12h des de la Plaça de la Constitució partirà el "II desfilada Mardi Gras" que finalitzarà en la Plaça de l'Ordana on tindrà lloc el concert de "Refugio Swing Band".  A la vesprada a les 17:30h i fins a les 22:30h Carnestoltes Familiar i Concurs de Disfresses, enguany com a novetat s'inclourà un Premi Especial "Festival de Cine de Sant Joan d ´Alacant" a la millor disfressa anys 20 o cine mut
